{"id":99,"date":"2014-05-12T09:00:10","date_gmt":"2014-05-12T07:00:10","guid":{"rendered":"http:\/\/www.flypat.ch\/?page_id=99"},"modified":"2021-02-23T22:56:04","modified_gmt":"2021-02-23T20:56:04","slug":"wm-2014-tippspiel","status":"publish","type":"page","link":"https:\/\/flypat.ch\/?page_id=99","title":{"rendered":"Tippspiel"},"content":{"rendered":"\n<p><span style=\"color: #ff6600; font-family: 'Tahoma','sans-serif'; font-size: 10pt;\">Informiere Dich vor dem n\u00e4chsten Tournier rechtzeitig &#8211; damit die Teilnahmeunterlagen zugemailt werden k\u00f6nnen.<\/span><\/p>\n\n\n\n<p><b><span style=\"color:#ff6600; font-family: 'Tahoma','sans-serif'; font-size: 10pt;\" class=\"has-inline-color\">WM 2018 (EM 2020)<br><span style=\"font-weight: 400;\">Es war und ist keine einfache Entscheidung. Doch ich musste Sie treffen. Auch habe ich mir die Frist bis zu meinem Geburtstag gesetzt:<\/span><br><span style=\"font-weight: 400;\">Ich werde kein Tippspiel veranstaltet. Dies, obwohl es mir jedes Mal viel Spass gemacht hat. Nicht unbedingt die Auswertung nach den einzelnen Spieltagen (das sind Fleissarbeiten). Eher die Kommentare zum Geschehen am Turnier und innerhalb des Tippspiels.<\/span><br><span style=\"font-weight: 400;\">Doch meine letzten Herbst gestartete Weiterbildung macht den Verzicht notwendig. So stehen n\u00e4mlich diesen Sommer die Zwischenpr\u00fcfungen und im Sommer 2020 die Fachpr\u00fcfungen an. Und so muss ich meine Zeit und Energie darauf konzentrieren.<\/span><br><span style=\"font-weight: 400;\">Schliesst aber meine Teilnahme an einem Tippspiel nicht aus und soll es mir erm\u00f6glichen, selektierte Spiele der Turniere als \u201enur\u201c Zuschauer zu geniessen.<\/span><br><span style=\"font-weight: 400;\">Weniger hat meine Entscheidung mit der sich anbahnenden \u00dcbers\u00e4ttigung von Fussball oder meinem 2015 erweckten Interesse an der NFL zu tun. Auch \u00fcber das unsportliche Verhalten meines FC Bayern nach der DFB Pokalfinalniederlage werde ich dar\u00fcber hinweg kommen. Es liegt einzig an meinem Plan, wie ich die Zeit und Ressourcen 2018\/20 einsetzen m\u00f6chte.<br>Auf, dass meine Pr\u00fcfungen nicht zu einem \u201eTippspiel\u201c verkommen:-)<\/span><\/span><\/b><\/p>\n\n\n\n<p><span style=\"color: #ff6600;\"><span style=\"font-family: 'Tahoma','sans-serif'; font-size: 10pt;\"><strong>Europameisterschaft 2016<\/strong><br>in&nbsp;Frankreich<br><\/span><span style=\"font-family: 'Tahoma','sans-serif'; font-size: 10pt;\">1. Rang &nbsp; &nbsp;&nbsp;Attila M., Reinach<br>2. Rang &nbsp; &nbsp;&nbsp;Roger H., R\u00f6thenbach<br>3. Rang &nbsp; &nbsp;&nbsp;Robin H., Zunzgen<br><\/span><\/span><\/p>\n\n\n\n<p><span style=\"color: #ff6600; font-family: 'Tahoma','sans-serif'; font-size: 10pt;\">64 Mitspieler + 1 ausser Konkurrenz<\/span><br><span style=\"color: #ff6600;\"><span style=\"font-family: 'Tahoma','sans-serif'; font-size: 10pt;\"><strong><br>Weltmeisterschaft 2014<\/strong><br>in&nbsp;Brasilien<br><\/span><span style=\"font-family: 'Tahoma','sans-serif'; font-size: 10pt;\">1. Rang&nbsp;&nbsp;&nbsp;&nbsp; Roland A., Nunningen<br>2. Rang&nbsp;&nbsp;&nbsp;&nbsp; Dominik M.,&nbsp;Giebenach<br>3. Rang&nbsp;&nbsp;&nbsp;&nbsp; David H., R\u00fcti<\/span><\/span><\/p>\n\n\n\n<p><span style=\"color: #ff6600; font-family: 'Tahoma','sans-serif'; font-size: 10pt;\">45 Mitspieler +&nbsp;1 ausser Konkurrenz<\/span><\/p>\n\n\n\n<p><span style=\"color: #ff6600;\"><span style=\"font-family: 'Tahoma','sans-serif'; font-size: 10pt;\"><strong>Europameisterschaft 2012<\/strong><br>in Polen und Ukraine<br><\/span><span style=\"font-family: 'Tahoma','sans-serif'; font-size: 10pt;\">1. Rang&nbsp;&nbsp;&nbsp;&nbsp; Christian M., Nunningen<br>2. Rang&nbsp;&nbsp;&nbsp;&nbsp; Urs M., Nunningen<br>3. Rang&nbsp;&nbsp;&nbsp;&nbsp; Cyrill B., Pfeffingen<br><\/span><\/span><span style=\"color: #ff6600; font-family: 'Tahoma','sans-serif'; font-size: 10pt;\"><br>34 Mitspieler + 1 ausser Konkurrenz<\/span><\/p>\n\n\n\n<p><span style=\"color: #ff6600;\"><span style=\"font-family: 'Tahoma','sans-serif'; font-size: 10pt;\"><strong>Weltmeisterschaft 2010<\/strong><br>in S\u00fcdafrika<br><\/span><span style=\"font-family: 'Tahoma','sans-serif'; font-size: 10pt;\">1. Rang&nbsp;&nbsp;&nbsp;&nbsp; Dieter H., Fahrwangen<br>2. Rang&nbsp;&nbsp;&nbsp;&nbsp; Nicole Z., Oensingen<br>3. Rang&nbsp;&nbsp;&nbsp;&nbsp; Nathalie B., Courgevaux<\/span><\/span><\/p>\n\n\n\n<p><span style=\"color: #ff6600; font-family: 'Tahoma','sans-serif'; font-size: 10pt;\">26 Mitspieler +&nbsp;2 ausser Konkurrenz<\/span><\/p>\n\n\n\n<p><span style=\"color: #ff6600; font-family: 'Tahoma','sans-serif'; font-size: 10pt;\"><strong>Europameisterschaft 2008<\/strong><br>in Schweiz und Oesterreich<\/span><\/p>\n\n\n\n<p><span style=\"color: #ff6600; font-family: 'Tahoma','sans-serif'; font-size: 10pt;\">1. Rang&nbsp;&nbsp;&nbsp;&nbsp; Nadia M., St\u00fcsslingen<\/span><\/p>\n\n\n\n<p><span style=\"color: #ff6600; font-family: 'Tahoma','sans-serif'; font-size: 10pt;\">22 Mitspieler + 1 ausser Konkurrenz<\/span><\/p>\n","protected":false},"excerpt":{"rendered":"<p>Informiere Dich vor dem n\u00e4chsten Tournier rechtzeitig &#8211; damit die Teilnahmeunterlagen zugemailt werden k\u00f6nnen. WM 2018 (EM 2020)Es war und ist keine einfache Entscheidung. Doch ich musste Sie treffen. Auch habe ich mir die Frist bis zu meinem Geburtstag gesetzt:Ich werde kein Tippspiel veranstaltet. Dies, obwohl es mir jedes Mal viel Spass gemacht hat. Nicht [&hellip;]<\/p>\n","protected":false},"author":1,"featured_media":0,"parent":0,"menu_order":0,"comment_status":"open","ping_status":"open","template":"","meta":[],"_links":{"self":[{"href":"https:\/\/flypat.ch\/index.php?rest_route=\/wp\/v2\/pages\/99"}],"collection":[{"href":"https:\/\/flypat.ch\/index.php?rest_route=\/wp\/v2\/pages"}],"about":[{"href":"https:\/\/flypat.ch\/index.php?rest_route=\/wp\/v2\/types\/page"}],"author":[{"embeddable":true,"href":"https:\/\/flypat.ch\/index.php?rest_route=\/wp\/v2\/users\/1"}],"replies":[{"embeddable":true,"href":"https:\/\/flypat.ch\/index.php?rest_route=%2Fwp%2Fv2%2Fcomments&post=99"}],"version-history":[{"count":18,"href":"https:\/\/flypat.ch\/index.php?rest_route=\/wp\/v2\/pages\/99\/revisions"}],"predecessor-version":[{"id":1242,"href":"https:\/\/flypat.ch\/index.php?rest_route=\/wp\/v2\/pages\/99\/revisions\/1242"}],"wp:attachment":[{"href":"https:\/\/flypat.ch\/index.php?rest_route=%2Fwp%2Fv2%2Fmedia&parent=99"}],"curies":[{"name":"wp","href":"https:\/\/api.w.org\/{rel}","templated":true}]}}